6*n - 7 = 41. Suppose h + 0*h = 2. Let g(u) = -4 - 2*u - u**3 - h + u - 8*u**2. Give g(n).
2
Suppose -30*h + 79 = -11. Let l(r) = -11*r + 23. Determine l(h).
-10
Let n(i) = -9 - 1 - 17*i + 4*i + 5*i**2 + 6 - 6*i**2. What is n(-13)?
-4
Let b(n) = -87 - 78 - n + 246 - 79. What is b(5)?
-3
Suppose 2*n + 0*n + 10 = -4*r, -2*n + 18 = -3*r. Suppose 4*o + 5*c = -2 - 7, -2*c + n = -5*o. Let y(h) = 14*h**3 + h**2. Calculate y(o).
-13
Let n(v) be the first derivative of v**4/4 + 4*v**3/3 + 2*v**2 + 2. Suppose 0 = 42*d - 29*d + 52. Calculate n(d).
-16
Let s = -457 + 457. Let m(g) = g + 11. Give m(s).
11
Let w(k) be the second derivative of 4*k + 5/3*k**3 - 5/6*k**4 + 0 + 1/20*k**5 - 5*k**2. Calculate w(9).
-1
Let i(h) be the third derivative of -h**6/120 - 2*h**5/15 - h**4/12 + 2*h**3/3 + 112*h**2 + h. Give i(-8).
20
Let t be ((-6)/15)/(14/(-245)). Suppose -x - 56 = t*x. Let b(h) = -h**2 - 4*h + 7. Calculate b(x).
-14
Let g(n) = -8*n. Suppose 4*p + 5*r - 28 = -6, 4*p = -3*r + 18. Let o be (-10)/(-6)*p - 4. Determine g(o).
-8
Let j(t) = -t**2 + 4*t - 1. Let a = 8 - 17. Let s(n) = n + 3. Let m be s(a). Let d(y) = 2*y**2 + 10*y - 7. Let c be d(m). What is j(c)?
-6
Let s(c) = 3*c + 23. Let k be s(-14). Let i = 15 + k. Let d(j) be the third derivative of j**4/24 + 7*j**3/6 - j**2. Calculate d(i).
3
Let u(q) = q**3 - 4*q**2 - 4*q - 7. Let p be 3 - (2 - 2)/(-2). Suppose -2*o = -p*o + 1. Suppose 6 - o = r. What is u(r)?
-2
Let j(m) = -m**3 - 6*m**2 - 7*m - 5. Let p(w) = -w + 1. Let v(k) = 3*k - 1. Let y(a) = -2*p(a) - v(a). Let i be y(3). Give j(i).
-9
Let l(f) = 4*f**3 + 1. Suppose -i = -14 + 12. Let w be 105/(-63) + i/3. What is l(w)?
-3
Let x(h) = h**3 + 2*h + 3. Let z be 55/(-30) - (129/18 - 7). What is x(z)?
-9
Let t(y) = -y**3 + 7*y**2 - 8*y + 9. Let w = -15 + -40. Let g = -49 - w. Calculate t(g).
-3
Let i(g) be the first derivative of -g**3/3 + 2*g**2 + 5*g - 1. Suppose 3*p - 8 = -5*f, 43*p = 4*f + 45*p - 8. Determine i(f).
5
Let m(z) = -2*z**3 - 4*z**2 - z + 2. Suppose 50*c + 21 = 43*c. Give m(c).
23
Suppose -94 + 226 = -22*t. Let a(z) be the second derivative of z**4/12 + z**3/2 - 3*z**2 + 3*z. Determine a(t).
12
Let b = 12 + -22. Let f(u) be the third derivative of u**6/120 + u**5/6 - u**4/12 - 7*u**3/3 + 79*u**2. Give f(b).
6
Let k(b) be the third derivative of b**6/120 - b**5/10 + b**4/24 - b**3/2 - 37*b**2 - 2*b. Determine k(6).
3
Let l(q) = -q**3 + 7*q**2 - 7*q - 4. Suppose -6 = -2*c - 3*i, 5*c - 27 - 5 = i. Determine l(c).
-10
Suppose -10 = -2*h - 3*h. Let b = -1 + h. Let f(j) = j**2 + 1. Let y(o) = -5*o**2 - 6*o - 12. Let u(n) = b*y(n) + 4*f(n). What is u(-6)?
-8
Let v be ((-270)/(-105))/((-3)/14). Let u = v - -24. Let l(s) = -2 + 4 - s - 2*s**2 + u*s**3 - 3*s**2 - 11*s**3. Give l(5).
-3
Suppose -3*k = -g - 7, 0 = -2*g + 3*k - 3 - 2. Let t(l) = l**3 - 6*l + 2*l - 69 + 67. Let s(q) = q + 1. Let v(o) = -3*s(o) - t(o). What is v(g)?
-7
Let f(w) = 10*w**2 - 1. Suppose 0 = -5*x + x + 8, 0 = -3*m - 5*x + 10. Let k = -1 + m. Determine f(k).
9
Let t(y) = -2*y - 13. Let j = 36 - 61. Let x = 16 + j. Give t(x).
5
Let d(x) = x**2 + x + 14. Let o(l) = -2*l**2 - l - 26. Let a(f) = -11*d(f) - 6*o(f). Give a(4).
-2
Let p(f) = f**3 - 2*f**2 - 3*f + 4. Let n(q) = q + 8. Let k be n(-5). Suppose -k*h + 19 = 5*t, t = 5*h - 2*t - 9. Determine p(h).
4
Let r(n) = -1 - n + 5*n + 4. Let v(b) = b**2 - 3*b + 7. Let w be v(4). Suppose -3*g = w + 1. What is r(g)?
-13
Let m(u) = u**2 + 10*u + 3. Suppose 27*j = 30*j - a + 20, -3*j - 4*a = 40. Give m(j).
-13
Suppose 8*g - 16 = 6*g. Suppose -5*x - g = 4*a, -2*a = 2*a + 3*x + 8. Let f(h) = h - 2. Give f(a).
-4
Let y(h) = 137*h**2 + 16*h + 16. Let w(c) = 27*c**2 + 3*c + 3. Let f(k) = 11*w(k) - 2*y(k). What is f(-1)?
23
Suppose 2*a - 6 = -0*a. Suppose i - 4*i - a = 5*t, -3*i + 2*t - 3 = 0. Let r(n) = 16*n**3 + n. What is r(i)?
-17
Let z(p) = -4 - 2*p - 4*p + 7526*p**2 - 7525*p**2. Give z(7).
3
Let b be 2/(-4)*(8 + 24/(-3)). Let f(y) = -y**2 + 2*y + 5. What is f(b)?
5
Let r(u) = 7*u**2 + 10*u - 1. Let g(z) = -15*z**2 - 20*z + 3. Let f(b) = -6*g(b) - 13*r(b). Give f(-7).
16
Let z = 4 - 3. Suppose -10*f + 9*f = -8. Let b(u) = -61*u + f*u**2 + 61*u. Calculate b(z).
8
Let b(j) be the third derivative of j**4/6 - 2*j**3/3 - j**2. Let w be 15 + -12*12/12. What is b(w)?
8
Let t(j) be the second derivative of -j**4/12 + j**3/2 - 7*j**2/2 - 232*j + 1. Give t(5).
-17
Let i(j) = -j**2 - 10*j + 64. Let h(k) = -4*k**2 - 46*k + 257. Let q(w) = 2*h(w) - 9*i(w). Give q(9).
1
Let m(x) = -x**2 + x - 1. Let j be m(6). Let t = 48 + j. Let q = t + -14. Let k(l) = l**3 - 5*l**2 + 3*l - 1. What is k(q)?
-10
Let t(g) = -g**2 - 6*g - 1. Let s = -586 - -582. What is t(s)?
7
Let g = 27 - 27. Suppose g*d = d. Let u(s) = s**3 + s**2 + s - 6. Give u(d).
-6
Let b(r) = -2*r + 5. Let u = 256 - 264. Determine b(u).
21
Let w(b) = -b**2 + 12*b - 21. Let u(j) = j**2 - 12*j + 20. Let g(v) = 6*u(v) + 5*w(v). Give g(10).
-5
Let a(u) = -16*u - 7*u**2 + 13 - 12*u**2 - u**2 + 36*u**2 - u**3. What is a(15)?
-2
Let y(w) be the first derivative of -w**4/2 - 5*w**3/3 - 3*w**2/2 + 4*w + 10. What is y(-3)?
22
Let i = 26 - 4. Let l(n) = -n**2 + 20*n + 36. Let o be l(i). Let d(c) = -c**2 - 10*c - 10. Calculate d(o).
6
Let y be ((-4)/5)/(4/10). Let g be (2/6)/(y/30). Let z(b) = -2 + 11 - 1 + 2*b - 4. Calculate z(g).
-6
Let j(r) = 4*r**3 - 12*r**2 - 11*r - 6. Let q(d) = -3*d**3 + 11*d**2 + 8*d + 5. Let w(l) = -4*j(l) - 5*q(l). Determine w(-7).
-29
Let t(q) = -q**2 + 24*q - 140. Let j be t(12). Let a(d) be the second derivative of -d**5/20 + d**4/2 - 7*d**3/6 + 5*d**2/2 + d. Calculate a(j).
9
Let v(h) = -h**3 - 20*h**2 + 23*h + 44. Let b be v(-21). Let w(d) = -d**b + 8 + 6 - 10 - 3*d. What is w(-3)?
4
Let v(m) = -m + 7. Let w(y) = y**3 - 3*y**2 + y + 2. Suppose -8 = -3*h - h. Let s be w(h). Give v(s).
7
Let y(n) = n**3 - 4*n**2 - 9*n + 2. Let q = -1269 - -1275. What is y(q)?
20
Let f(r) = -2*r + 44. Suppose -2*b + 12 + 18 = -2*s, 2*b + 5*s - 65 = 0. Calculate f(b).
4
Let n(c) = -c**2 + 10*c - 9. Let l(v) = -v**2 - 38*v - 157. Let j be l(-5). Give n(j).
7
Let n(v) be the second derivative of 1/12*v**4 - 1/60*v**6 - v**2 + 0 + 1/3*v**3 - 1/30*v**5 + 3*v. Let j(x) be the first derivative of n(x). Determine j(-2).
6
Let b(d) = 3*d - 3. Let f = -13 + 7. Let q = f - -6. Suppose 1 = k + 5*o - 11, -5*k + 5*o = q. What is b(k)?
3
Let a(p) = -11*p**2 + 18*p - 43. Let w(m) = 13*m**2 - 19*m + 41. Let f(o) = 7*a(o) + 6*w(o). Calculate f(-16).
9
Let r(m) be the third derivative of 0 + 0*m + 0*m**3 + 0*m**4 + 1/60*m**5 + 2*m**2 + 2/15*m**6. Calculate r(1).
17
Let n(w) = w**3 - 7*w**2 - w + 11. Let y = -1153 + 1160. Determine n(y).
4
Let v(u) = 6*u**3 - 5*u**2 + 6*u - 15. Let n(z) = -5*z**3 + 5*z**2 - 6*z + 14. Let d(y) = 7*n(y) + 6*v(y). Let m = -4 + -2. Calculate d(m).
8
Suppose 4*u - 15 = t + 4*t, -2*t = 5*u + 6. Let f(s) = 9*s - 4. Give f(t).
-31
Suppose -16*p + 18 = -10*p. Suppose p*l = 5*k + 22, 0 = 3*k - 3*l - 5 + 23. Let t(x) = -3*x. Give t(k).
6
Let v(q) = -q. Let t(r) = r + 59. Let g be t(-23). Let n be 1*(-12)/9*g/8. What is v(n)?
6
Let b be (-5031)/(-1053) + ((-2)/(-9))/1. Suppose -5*y = -25 - b. Let p(q) = -2*q + 7. What is p(y)?
-5
Suppose u + 5 = -2*p, 4*u - 5*p + 2 + 5 = 0. Let k(c) be the first derivative of -c**4/4 - c**3/3 + c**2 - 4*c + 14. Give k(u).
8
Let d(a) = -29*a + 6 + 10*a + 17*a. Suppose 5*o = -4 + 24. What is d(o)?
-2
Let g be (-4)/6*6*-4. Let k(x) = -4 + 16*x + 2 - 2 + 2 - 5 - x**3 + 15*x**2. Let t be k(g). Let n(c) = c**2 + 5*c + 1. Give n(t).
15
Let a(p) = -p**2 + p + 2. Suppose 0*j + 4*j = 48. Suppose -2*t + 16 = -4*u, -5*t - 4*u + j = -0*t. Suppose t*m - 6 = m. What is a(m)?
0
Let g(n) = -3 - 2 + 3 - n + 1. Determine g(1).
-2
Let c(t) = -2*t - 2. Let m(d) = 5*d + 5. Let f(r) = -9*c(r) - 4*m(r). Let v(n) = -n**3 + n**2 - 4*n + 7. Let z be v(2). Determine f(z).
8
Let x(g) = g**2 + 3*g - 4. Let l(d) = -d**3 - d**2 + 12*d - 2. Let q be l(-5). Suppose -q = -i - 44. Calculate x(i).
14
Let p(j) = -j**3 + 5*j**2 + 2*j + 2. Let w be p(6). Let t(a) = -a**3 - 23*a**2 - 23*a - 24. Calculate t(w).
-2
Let q = 141 + -150. Suppose 0 = -5*x - 4*i - 50, -3*i = 8 + 7. Let g be (-2)/x - (-57)/q. Let f(k) = k**2 + 7*k + 5. Calculate f(g).
-1
Suppose -m = -0*m + 5. Let q(f) = f + 6. L